{"id":549,"date":"2012-09-06T09:29:32","date_gmt":"2012-09-06T08:29:32","guid":{"rendered":"http:\/\/www.icons-art.com\/2009\/?page_id=549"},"modified":"2014-07-17T13:58:46","modified_gmt":"2014-07-17T12:58:46","slug":"ikonenkalender-2013","status":"publish","type":"page","link":"https:\/\/www.icons-art.com\/2009\/verlag-publishing-house\/ikonenkalender-2013\/","title":{"rendered":"Ikonenkalender 2013"},"content":{"rendered":"<p>13 Farbbilder, kurze Beschreibungen<br \/>\n29,7 x 21 cm (DIN A4)<\/p>\n<p>Preis: EUR 8,50 zuz\u00fcgl. Versandkosten, incl. Mehrwertsteuer<\/p>\n<p><a href=\"mailto:info@icons-art.com?Subject=Bestellung%20Ikonenkalender%202013\">Kaufen<\/a><\/p>\n<p>Das ideale Geschenk f\u00fcr Freunde der Ikonenkunst und Miniaturmalerei!<\/p>\n<p><img loading=\"lazy\" decoding=\"async\" class=\"alignnone size-full wp-image-553\" title=\"Ikonenkalender 2013\" alt=\"Ikonenkalender 2013\" src=\"http:\/\/www.icons-art.com\/2009\/wp-content\/uploads\/2012\/09\/120710_ikonen_kalender_titel.jpg\" width=\"212\" height=\"300\" \/><\/p>\n<!-- index.php -->\n<div\n\tclass=\"ngg-galleryoverview ngg-ajax-pagination-none\"\n\tid=\"ngg-gallery-1d4f3a9f489c7476bf2f303e1611f30a-1\">\n\n    \t\t<!-- Thumbnails -->\n\t\t\t\t<div id=\"ngg-image-0\" class=\"ngg-gallery-thumbnail-box\" >\n\t\t\t\t        <div class=\"ngg-gallery-thumbnail\">\n            <a href=\"https:\/\/www.icons-art.com\/2009\/wp-content\/gallery\/verlag-ikonenkalender-2013\/120710_ikonen_kalender-02.jpg\"\n               title=\"\"\n               data-src=\"https:\/\/www.icons-art.com\/2009\/wp-content\/gallery\/verlag-ikonenkalender-2013\/120710_ikonen_kalender-02.jpg\"\n               data-thumbnail=\"https:\/\/www.icons-art.com\/2009\/wp-content\/gallery\/verlag-ikonenkalender-2013\/thumbs\/thumbs_120710_ikonen_kalender-02.jpg\"\n               data-image-id=\"581\"\n               data-title=\"01\"\n               data-description=\"\"\n               data-image-slug=\"01-1\"\n               class=\"shutterset_1d4f3a9f489c7476bf2f303e1611f30a\">\n                <img\n                    title=\"01\"\n                    alt=\"01\"\n                    src=\"https:\/\/www.icons-art.com\/2009\/wp-content\/gallery\/verlag-ikonenkalender-2013\/thumbs\/thumbs_120710_ikonen_kalender-02.jpg\"\n                    width=\"100\"\n                    height=\"141\"\n                    style=\"max-width:100%;\"\n                \/>\n            <\/a>\n        <\/div>\n\t\t\t\t\t\t\t<\/div> \n\t\t\t\n                            \n\t\t\t\t<div id=\"ngg-image-1\" class=\"ngg-gallery-thumbnail-box\" >\n\t\t\t\t        <div class=\"ngg-gallery-thumbnail\">\n            <a href=\"https:\/\/www.icons-art.com\/2009\/wp-content\/gallery\/verlag-ikonenkalender-2013\/120710_ikonen_kalender-03.jpg\"\n               title=\"\"\n               data-src=\"https:\/\/www.icons-art.com\/2009\/wp-content\/gallery\/verlag-ikonenkalender-2013\/120710_ikonen_kalender-03.jpg\"\n               data-thumbnail=\"https:\/\/www.icons-art.com\/2009\/wp-content\/gallery\/verlag-ikonenkalender-2013\/thumbs\/thumbs_120710_ikonen_kalender-03.jpg\"\n               data-image-id=\"582\"\n               data-title=\"02\"\n               data-description=\"\"\n               data-image-slug=\"02-6\"\n               class=\"shutterset_1d4f3a9f489c7476bf2f303e1611f30a\">\n                <img\n                    title=\"02\"\n                    alt=\"02\"\n                    src=\"https:\/\/www.icons-art.com\/2009\/wp-content\/gallery\/verlag-ikonenkalender-2013\/thumbs\/thumbs_120710_ikonen_kalender-03.jpg\"\n                    width=\"100\"\n                    height=\"141\"\n                    style=\"max-width:100%;\"\n                \/>\n            <\/a>\n        <\/div>\n\t\t\t\t\t\t\t<\/div> \n\t\t\t\n                            \n\t\t\t\t<div id=\"ngg-image-2\" class=\"ngg-gallery-thumbnail-box\" >\n\t\t\t\t        <div class=\"ngg-gallery-thumbnail\">\n            <a href=\"https:\/\/www.icons-art.com\/2009\/wp-content\/gallery\/verlag-ikonenkalender-2013\/120710_ikonen_kalender-04.jpg\"\n               title=\"\"\n               data-src=\"https:\/\/www.icons-art.com\/2009\/wp-content\/gallery\/verlag-ikonenkalender-2013\/120710_ikonen_kalender-04.jpg\"\n               data-thumbnail=\"https:\/\/www.icons-art.com\/2009\/wp-content\/gallery\/verlag-ikonenkalender-2013\/thumbs\/thumbs_120710_ikonen_kalender-04.jpg\"\n               data-image-id=\"583\"\n               data-title=\"03\"\n               data-description=\"\"\n               data-image-slug=\"03-10\"\n               class=\"shutterset_1d4f3a9f489c7476bf2f303e1611f30a\">\n                <img\n                    title=\"03\"\n                    alt=\"03\"\n                    src=\"https:\/\/www.icons-art.com\/2009\/wp-content\/gallery\/verlag-ikonenkalender-2013\/thumbs\/thumbs_120710_ikonen_kalender-04.jpg\"\n                    width=\"100\"\n                    height=\"141\"\n                    style=\"max-width:100%;\"\n                \/>\n            <\/a>\n        <\/div>\n\t\t\t\t\t\t\t<\/div> \n\t\t\t\n                            \n\t\t\t\t<div id=\"ngg-image-3\" class=\"ngg-gallery-thumbnail-box\" >\n\t\t\t\t        <div class=\"ngg-gallery-thumbnail\">\n            <a href=\"https:\/\/www.icons-art.com\/2009\/wp-content\/gallery\/verlag-ikonenkalender-2013\/120710_ikonen_kalender-05.jpg\"\n               title=\"\"\n               data-src=\"https:\/\/www.icons-art.com\/2009\/wp-content\/gallery\/verlag-ikonenkalender-2013\/120710_ikonen_kalender-05.jpg\"\n               data-thumbnail=\"https:\/\/www.icons-art.com\/2009\/wp-content\/gallery\/verlag-ikonenkalender-2013\/thumbs\/thumbs_120710_ikonen_kalender-05.jpg\"\n               data-image-id=\"584\"\n               data-title=\"04\"\n               data-description=\"\"\n               data-image-slug=\"04-6\"\n               class=\"shutterset_1d4f3a9f489c7476bf2f303e1611f30a\">\n                <img\n                    title=\"04\"\n                    alt=\"04\"\n                    src=\"https:\/\/www.icons-art.com\/2009\/wp-content\/gallery\/verlag-ikonenkalender-2013\/thumbs\/thumbs_120710_ikonen_kalender-05.jpg\"\n                    width=\"100\"\n                    height=\"141\"\n                    style=\"max-width:100%;\"\n                \/>\n            <\/a>\n        <\/div>\n\t\t\t\t\t\t\t<\/div> \n\t\t\t\n                            \n\t\t\t\t<div id=\"ngg-image-4\" class=\"ngg-gallery-thumbnail-box\" >\n\t\t\t\t        <div class=\"ngg-gallery-thumbnail\">\n            <a href=\"https:\/\/www.icons-art.com\/2009\/wp-content\/gallery\/verlag-ikonenkalender-2013\/120710_ikonen_kalender-06.jpg\"\n               title=\"\"\n               data-src=\"https:\/\/www.icons-art.com\/2009\/wp-content\/gallery\/verlag-ikonenkalender-2013\/120710_ikonen_kalender-06.jpg\"\n               data-thumbnail=\"https:\/\/www.icons-art.com\/2009\/wp-content\/gallery\/verlag-ikonenkalender-2013\/thumbs\/thumbs_120710_ikonen_kalender-06.jpg\"\n               data-image-id=\"585\"\n               data-title=\"05\"\n               data-description=\"\"\n               data-image-slug=\"05-8\"\n               class=\"shutterset_1d4f3a9f489c7476bf2f303e1611f30a\">\n                <img\n                    title=\"05\"\n                    alt=\"05\"\n                    src=\"https:\/\/www.icons-art.com\/2009\/wp-content\/gallery\/verlag-ikonenkalender-2013\/thumbs\/thumbs_120710_ikonen_kalender-06.jpg\"\n                    width=\"100\"\n                    height=\"141\"\n                    style=\"max-width:100%;\"\n                \/>\n            <\/a>\n        <\/div>\n\t\t\t\t\t\t\t<\/div> \n\t\t\t\n                                    <br style=\"clear: both\" \/>\n                    \n\t\t\t\t<div id=\"ngg-image-5\" class=\"ngg-gallery-thumbnail-box\" >\n\t\t\t\t        <div class=\"ngg-gallery-thumbnail\">\n            <a href=\"https:\/\/www.icons-art.com\/2009\/wp-content\/gallery\/verlag-ikonenkalender-2013\/120710_ikonen_kalender-07.jpg\"\n               title=\"\"\n               data-src=\"https:\/\/www.icons-art.com\/2009\/wp-content\/gallery\/verlag-ikonenkalender-2013\/120710_ikonen_kalender-07.jpg\"\n               data-thumbnail=\"https:\/\/www.icons-art.com\/2009\/wp-content\/gallery\/verlag-ikonenkalender-2013\/thumbs\/thumbs_120710_ikonen_kalender-07.jpg\"\n               data-image-id=\"586\"\n               data-title=\"06\"\n               data-description=\"\"\n               data-image-slug=\"06-5\"\n               class=\"shutterset_1d4f3a9f489c7476bf2f303e1611f30a\">\n                <img\n                    title=\"06\"\n                    alt=\"06\"\n                    src=\"https:\/\/www.icons-art.com\/2009\/wp-content\/gallery\/verlag-ikonenkalender-2013\/thumbs\/thumbs_120710_ikonen_kalender-07.jpg\"\n                    width=\"100\"\n                    height=\"141\"\n                    style=\"max-width:100%;\"\n                \/>\n            <\/a>\n        <\/div>\n\t\t\t\t\t\t\t<\/div> \n\t\t\t\n                            \n\t\t\t\t<div id=\"ngg-image-6\" class=\"ngg-gallery-thumbnail-box\" >\n\t\t\t\t        <div class=\"ngg-gallery-thumbnail\">\n            <a href=\"https:\/\/www.icons-art.com\/2009\/wp-content\/gallery\/verlag-ikonenkalender-2013\/120710_ikonen_kalender-08.jpg\"\n               title=\"\"\n               data-src=\"https:\/\/www.icons-art.com\/2009\/wp-content\/gallery\/verlag-ikonenkalender-2013\/120710_ikonen_kalender-08.jpg\"\n               data-thumbnail=\"https:\/\/www.icons-art.com\/2009\/wp-content\/gallery\/verlag-ikonenkalender-2013\/thumbs\/thumbs_120710_ikonen_kalender-08.jpg\"\n               data-image-id=\"587\"\n               data-title=\"07\"\n               data-description=\"\"\n               data-image-slug=\"07-9\"\n               class=\"shutterset_1d4f3a9f489c7476bf2f303e1611f30a\">\n                <img\n                    title=\"07\"\n                    alt=\"07\"\n                    src=\"https:\/\/www.icons-art.com\/2009\/wp-content\/gallery\/verlag-ikonenkalender-2013\/thumbs\/thumbs_120710_ikonen_kalender-08.jpg\"\n                    width=\"100\"\n                    height=\"141\"\n                    style=\"max-width:100%;\"\n                \/>\n            <\/a>\n        <\/div>\n\t\t\t\t\t\t\t<\/div> \n\t\t\t\n                            \n\t\t\t\t<div id=\"ngg-image-7\" class=\"ngg-gallery-thumbnail-box\" >\n\t\t\t\t        <div class=\"ngg-gallery-thumbnail\">\n            <a href=\"https:\/\/www.icons-art.com\/2009\/wp-content\/gallery\/verlag-ikonenkalender-2013\/120710_ikonen_kalender-09.jpg\"\n               title=\"\"\n               data-src=\"https:\/\/www.icons-art.com\/2009\/wp-content\/gallery\/verlag-ikonenkalender-2013\/120710_ikonen_kalender-09.jpg\"\n               data-thumbnail=\"https:\/\/www.icons-art.com\/2009\/wp-content\/gallery\/verlag-ikonenkalender-2013\/thumbs\/thumbs_120710_ikonen_kalender-09.jpg\"\n               data-image-id=\"588\"\n               data-title=\"08\"\n               data-description=\"\"\n               data-image-slug=\"08-8\"\n               class=\"shutterset_1d4f3a9f489c7476bf2f303e1611f30a\">\n                <img\n                    title=\"08\"\n                    alt=\"08\"\n                    src=\"https:\/\/www.icons-art.com\/2009\/wp-content\/gallery\/verlag-ikonenkalender-2013\/thumbs\/thumbs_120710_ikonen_kalender-09.jpg\"\n                    width=\"100\"\n                    height=\"141\"\n                    style=\"max-width:100%;\"\n                \/>\n            <\/a>\n        <\/div>\n\t\t\t\t\t\t\t<\/div> \n\t\t\t\n                            \n\t\t\t\t<div id=\"ngg-image-8\" class=\"ngg-gallery-thumbnail-box\" >\n\t\t\t\t        <div class=\"ngg-gallery-thumbnail\">\n            <a href=\"https:\/\/www.icons-art.com\/2009\/wp-content\/gallery\/verlag-ikonenkalender-2013\/120710_ikonen_kalender-10.jpg\"\n               title=\"\"\n               data-src=\"https:\/\/www.icons-art.com\/2009\/wp-content\/gallery\/verlag-ikonenkalender-2013\/120710_ikonen_kalender-10.jpg\"\n               data-thumbnail=\"https:\/\/www.icons-art.com\/2009\/wp-content\/gallery\/verlag-ikonenkalender-2013\/thumbs\/thumbs_120710_ikonen_kalender-10.jpg\"\n               data-image-id=\"589\"\n               data-title=\"09\"\n               data-description=\"\"\n               data-image-slug=\"09-6\"\n               class=\"shutterset_1d4f3a9f489c7476bf2f303e1611f30a\">\n                <img\n                    title=\"09\"\n                    alt=\"09\"\n                    src=\"https:\/\/www.icons-art.com\/2009\/wp-content\/gallery\/verlag-ikonenkalender-2013\/thumbs\/thumbs_120710_ikonen_kalender-10.jpg\"\n                    width=\"100\"\n                    height=\"141\"\n                    style=\"max-width:100%;\"\n                \/>\n            <\/a>\n        <\/div>\n\t\t\t\t\t\t\t<\/div> \n\t\t\t\n                            \n\t\t\t\t<div id=\"ngg-image-9\" class=\"ngg-gallery-thumbnail-box\" >\n\t\t\t\t        <div class=\"ngg-gallery-thumbnail\">\n            <a href=\"https:\/\/www.icons-art.com\/2009\/wp-content\/gallery\/verlag-ikonenkalender-2013\/120710_ikonen_kalender-11.jpg\"\n               title=\"\"\n               data-src=\"https:\/\/www.icons-art.com\/2009\/wp-content\/gallery\/verlag-ikonenkalender-2013\/120710_ikonen_kalender-11.jpg\"\n               data-thumbnail=\"https:\/\/www.icons-art.com\/2009\/wp-content\/gallery\/verlag-ikonenkalender-2013\/thumbs\/thumbs_120710_ikonen_kalender-11.jpg\"\n               data-image-id=\"590\"\n               data-title=\"10\"\n               data-description=\"\"\n               data-image-slug=\"10-13\"\n               class=\"shutterset_1d4f3a9f489c7476bf2f303e1611f30a\">\n                <img\n                    title=\"10\"\n                    alt=\"10\"\n                    src=\"https:\/\/www.icons-art.com\/2009\/wp-content\/gallery\/verlag-ikonenkalender-2013\/thumbs\/thumbs_120710_ikonen_kalender-11.jpg\"\n                    width=\"100\"\n                    height=\"141\"\n                    style=\"max-width:100%;\"\n                \/>\n            <\/a>\n        <\/div>\n\t\t\t\t\t\t\t<\/div> \n\t\t\t\n                                    <br style=\"clear: both\" \/>\n                    \n\t\t\t\t<div id=\"ngg-image-10\" class=\"ngg-gallery-thumbnail-box\" >\n\t\t\t\t        <div class=\"ngg-gallery-thumbnail\">\n            <a href=\"https:\/\/www.icons-art.com\/2009\/wp-content\/gallery\/verlag-ikonenkalender-2013\/120710_ikonen_kalender-12.jpg\"\n               title=\"\"\n               data-src=\"https:\/\/www.icons-art.com\/2009\/wp-content\/gallery\/verlag-ikonenkalender-2013\/120710_ikonen_kalender-12.jpg\"\n               data-thumbnail=\"https:\/\/www.icons-art.com\/2009\/wp-content\/gallery\/verlag-ikonenkalender-2013\/thumbs\/thumbs_120710_ikonen_kalender-12.jpg\"\n               data-image-id=\"591\"\n               data-title=\"11\"\n               data-description=\"\"\n               data-image-slug=\"11-5\"\n               class=\"shutterset_1d4f3a9f489c7476bf2f303e1611f30a\">\n                <img\n                    title=\"11\"\n                    alt=\"11\"\n                    src=\"https:\/\/www.icons-art.com\/2009\/wp-content\/gallery\/verlag-ikonenkalender-2013\/thumbs\/thumbs_120710_ikonen_kalender-12.jpg\"\n                    width=\"100\"\n                    height=\"141\"\n                    style=\"max-width:100%;\"\n                \/>\n            <\/a>\n        <\/div>\n\t\t\t\t\t\t\t<\/div> \n\t\t\t\n                            \n\t\t\t\t<div id=\"ngg-image-11\" class=\"ngg-gallery-thumbnail-box\" >\n\t\t\t\t        <div class=\"ngg-gallery-thumbnail\">\n            <a href=\"https:\/\/www.icons-art.com\/2009\/wp-content\/gallery\/verlag-ikonenkalender-2013\/120710_ikonen_kalender-13.jpg\"\n               title=\"\"\n               data-src=\"https:\/\/www.icons-art.com\/2009\/wp-content\/gallery\/verlag-ikonenkalender-2013\/120710_ikonen_kalender-13.jpg\"\n               data-thumbnail=\"https:\/\/www.icons-art.com\/2009\/wp-content\/gallery\/verlag-ikonenkalender-2013\/thumbs\/thumbs_120710_ikonen_kalender-13.jpg\"\n               data-image-id=\"592\"\n               data-title=\"12\"\n               data-description=\"\"\n               data-image-slug=\"12-8\"\n               class=\"shutterset_1d4f3a9f489c7476bf2f303e1611f30a\">\n                <img\n                    title=\"12\"\n                    alt=\"12\"\n                    src=\"https:\/\/www.icons-art.com\/2009\/wp-content\/gallery\/verlag-ikonenkalender-2013\/thumbs\/thumbs_120710_ikonen_kalender-13.jpg\"\n                    width=\"100\"\n                    height=\"141\"\n                    style=\"max-width:100%;\"\n                \/>\n            <\/a>\n        <\/div>\n\t\t\t\t\t\t\t<\/div> \n\t\t\t\n                            \n\t\t\n\t\t<!-- Pagination -->\n\t<div class='ngg-clear'><\/div>\t<\/div>\n\n<p><a href=\"mailto:info@icons-art.com?Subject=Bestellung%20Ikonenkalender%202013\">Kaufen<\/a><\/p>\n<p><a href=\"http:\/\/www.icons-art.com\/2009\/verlag-publishing-house\/\">Zur\u00fcck zur \u00dcbersicht<\/a><\/p>\n","protected":false},"excerpt":{"rendered":"<p>13 Farbbilder, kurze Beschreibungen 29,7 x 21 cm (DIN A4) Preis: EUR 8,50 zuz\u00fcgl. Versandkosten, incl. Mehrwertsteuer Kaufen Das ideale Geschenk f\u00fcr Freunde der Ikonenkunst und Miniaturmalerei! Kaufen Zur\u00fcck zur \u00dcbersicht<\/p>\n","protected":false},"author":2,"featured_media":0,"parent":426,"menu_order":0,"comment_status":"closed","ping_status":"closed","template":"","meta":{"ngg_post_thumbnail":0,"footnotes":""},"aioseo_notices":[],"_links":{"self":[{"href":"https:\/\/www.icons-art.com\/2009\/wp-json\/wp\/v2\/pages\/549"}],"collection":[{"href":"https:\/\/www.icons-art.com\/2009\/wp-json\/wp\/v2\/pages"}],"about":[{"href":"https:\/\/www.icons-art.com\/2009\/wp-json\/wp\/v2\/types\/page"}],"author":[{"embeddable":true,"href":"https:\/\/www.icons-art.com\/2009\/wp-json\/wp\/v2\/users\/2"}],"replies":[{"embeddable":true,"href":"https:\/\/www.icons-art.com\/2009\/wp-json\/wp\/v2\/comments?post=549"}],"version-history":[{"count":7,"href":"https:\/\/www.icons-art.com\/2009\/wp-json\/wp\/v2\/pages\/549\/revisions"}],"predecessor-version":[{"id":768,"href":"https:\/\/www.icons-art.com\/2009\/wp-json\/wp\/v2\/pages\/549\/revisions\/768"}],"up":[{"embeddable":true,"href":"https:\/\/www.icons-art.com\/2009\/wp-json\/wp\/v2\/pages\/426"}],"wp:attachment":[{"href":"https:\/\/www.icons-art.com\/2009\/wp-json\/wp\/v2\/media?parent=549"}],"curies":[{"name":"wp","href":"https:\/\/api.w.org\/{rel}","templated":true}]}}